he prime factors of 22645.
5, 7, 647
What are the prime factors of 119958?
2, 3, 19993
What are the prime factors of 10179?
3, 13, 29
What are the prime factors of 505?
5, 101
What are the prime factors of 4111?
4111
What are the prime factors of 766?
2, 383
What are the prime factors of 18333?
3, 7, 97
What are the prime factors of 95166?
2, 3, 17, 311
List the prime factors of 3223.
11, 293
List the prime factors of 25497.
3, 2833
What are the prime factors of 16561?
16561
List the prime factors of 26787.
3, 8929
List the prime factors of 914.
2, 457
What are the prime factors of 6133?
6133
List the prime factors of 29015.
5, 7, 829
What are the prime factors of 27747?
3, 3083
What are the prime factors of 5924?
2, 1481
List the prime factors of 33711.
3, 17, 661
List the prime factors of 1980.
2, 3, 5, 11
What are the prime factors of 159367?
13, 23, 41
What are the prime factors of 25519?
13, 151
List the prime factors of 41487.
3, 13829
What are the prime factors of 4064?
2, 127
List the prime factors of 59305.
5, 29, 409
List the prime factors of 1807.
13, 139
What are the prime factors of 3545?
5, 709
What are the prime factors of 101311?
7, 41, 353
List the prime factors of 6103.
17, 359
What are the prime factors of 723?
3, 241
List the prime factors of 1579.
1579
What are the prime factors of 61057?
61057
What are the prime factors of 1399?
1399
List the prime factors of 387.
3, 43
List the prime factors of 477.
3, 53
What are the prime factors of 7148?
2, 1787
List the prime factors of 601.
601
What are the prime factors of 1284?
2, 3, 107
What are the prime factors of 12042?
2, 3, 223
List the prime factors of 59297.
7, 43, 197
List the prime factors of 100452.
2, 3, 11, 761
What are the prime factors of 1953?
3, 7, 31
What are the prime factors of 11177?
11177
What are the prime factors of 941?
941
List the prime factors of 3398.
2, 1699
What are the prime factors of 98978?
2, 11, 409
What are the prime factors of 273?
3, 7, 13
List the prime factors of 156603.
3, 52201
List the prime factors of 19643.
13, 1511
List the prime factors of 172060.
2, 5, 7, 1229
List the prime factors of 2361.
3, 787
List the prime factors of 25263.
3, 7, 401
What are the prime factors of 3801?
3, 7, 181
What are the prime factors of 6466?
2, 53, 61
What are the prime factors of 2357?
2357
List the prime factors of 1131.
3, 13, 29
List the prime factors of 18190.
2, 5, 17, 107
What are the prime factors of 63356?
2, 47, 337
What are the prime factors of 3445?
5, 13, 53
What are the prime factors of 57705?
3, 5, 3847
List the prime factors of 23713.
23, 1031
List the prime factors of 1959.
3, 653
List the prime factors of 10371.
3, 3457
What are the prime factors of 53477?
53, 1009
What are the prime factors of 1498?
2, 7, 107
List the prime factors of 177447.
3, 59149
List the prime factors of 83601.
3, 7, 1327
What are the prime factors of 153327?
3, 51109
List the prime factors of 5535.
3, 5, 41
List the prime factors of 15064.
2, 7, 269
List the prime factors of 15.
3, 5
What are the prime factors of 6193?
11, 563
List the prime factors of 2580.
2, 3, 5, 43
What are the prime factors of 32218?
2, 89, 181
What are the prime factors of 49561?
29, 1709
List the prime factors of 14152.
2, 29, 61
List the prime factors of 4769.
19, 251
List the prime factors of 2896.
2, 181
What are the prime factors of 1139?
17, 67
List the prime factors of 724.
2, 181
List the prime factors of 14063.
7, 41
What are the prime factors of 568?
2, 71
List the prime factors of 16112.
2, 19, 53
What are the prime factors of 1096?
2, 137
List the prime factors of 2204.
2, 19, 29
List the prime factors of 7687.
7687
What are the prime factors of 38022?
2, 3, 6337
List the prime factors of 1313.
13, 101
What are the prime factors of 1250?
2, 5
What are the prime factors of 70213?
11, 13, 491
What are the prime factors of 1902?
2, 3, 317
List the prime factors of 15939.
3, 7, 11, 23
List the prime factors of 9292.
2, 23, 101
List the prime factors of 3463.
3463
List the prime factors of 33406.
2, 16703
What are the prime factors of 70264?
2, 8783
List the prime factors of 22381.
22381
List the prime factors of 6076.
2, 7, 31
List the prime factors of 7425.
3, 5, 11
What are the prime factors of 7687?
7687
What are the prime factors of 2658?
2, 3, 443
List the prime factors of 42073.
42073
List the prime factors of 295.
5, 59
What are the prime factors of 2010?
2, 3, 5, 67
List the prime factors of 18366.
2, 3, 3061
List the prime factors of 635.
5, 127
What are the prime factors of 14029?
14029
What are the prime factors of 117?
3, 13
List the prime factors of 5943.
3, 7, 283
What are the prime factors of 5484?
2, 3, 457
List the prime factors of 181.
181
What are the prime factors of 13562?
2, 6781
What are the prime factors of 112506?
2, 3, 17, 1103
List the prime factors of 3479.
7, 71
List the prime factors of 118042.
2, 59021
What are the prime factors of 149161?
149161
What are the prime factors of 583?
11, 53
What are the prime factors of 2541?
3, 7, 11
List the prime factors of 832.
2, 13
What are the prime factors of 4937?
4937
What are the prime factors of 6659?
6659
List the prime factors of 8463.
3, 7, 13, 31
What are the prime factors of 34860?
2, 3, 5, 7, 83
List the prime factors of 125674.
2, 31, 2027
What are the prime factors of 7094?
2, 3547
What are the prime factors of 4398?
2, 3, 733
What are the prime factors of 2450?
2, 5, 7
What are the prime factors of 17795?
5, 3559
List the prime factors of 158.
2, 79
What are the prime factors of 76396?
2, 71, 269
List the prime factors of 5956.
2, 1489
List the prime factors of 26150.
2, 5, 523
List the prime factors of 42464.
2, 1327
What are the prime factors of 38?
2, 19
What are the prime factors of 2209?
47
List the prime factors of 69631.
179, 389
What are the prime factors of 64525?
5, 29, 89
List the prime factors of 2329.
17, 137
What are the prime factors of 381?
3, 127
What are the prime factors of 87605?
5, 7, 2503
List the prime factors of 539.
7, 11
List the prime factors of 850.
2, 5, 17
List the prime factors of 31950.
2, 3, 5, 71
What are the prime factors of 17508?
2, 3, 1459
List the prime factors of 15914.
2, 73, 109
List the prime factors of 27379.
11, 19, 131
List the prime factors of 34321.
7, 4903
List the prime factors of 44450.
2, 5, 7, 127
List the prime factors of 25477.
73, 349
List the prime factors of 46164.
2, 3, 3847
List the prime factors of 926.
2, 463
What are the prime factors of 19522?
2, 43, 227
What are the prime factors of 59?
59
List the prime factors of 109.
109
List the prime factors of 49142.
2, 24571
List the prime factors of 1238.
2, 619
List the prime factors of 2065.
5, 7, 59
What are the prime factors of 886?
2, 443
List the prime factors of 100333.
100333
What are the prime factors of 1679?
23, 73
List the prime factors of 13968.
2, 3, 97
What are the prime factors of 54405?
3, 5, 13, 31
What are the prime factors of 410?
2, 5, 41
What are the prime factors of 6687?
3, 743
List the prime factors of 33881.
17, 1993
What are the prime factors of 2741?
2741
List the prime factors of 1829.
31, 59
What are the prime factors of 1262?
2, 631
What are the prime factors of 761?
761
List the prime factors of 36634.
2, 13, 1409
List the prime factors of 138543.
3, 46181
What are the prime factors of 35201?
35201
List the prime factors of 13959.
3, 11, 47
List the prime factors of 4758.
2, 3, 13, 61
What are the prime factors of 13350?
2, 3, 5, 89
List the prime factors of 8013.
3, 2671
List the prime factors of 1990.
2, 5, 199
List the prime factors of 1241.
17, 73
What are the prime factors of 1106?
2, 7, 79
What are the prime factors of 10900?
2, 5, 109
What are the prime factors of 11656?
2, 31, 47
List the prime factors of 4793.
4793
What are the prime factors of 7284?
2, 3, 607
List the prime factors of 12285.
3, 5, 7, 13
List the prime factors of 6527.
61, 107
What are the prime factors of 1262?
2, 631
List the prime factors of 10304.
2, 7, 23
What are the prime factors of 2121?
3, 7, 101
List the prime factors of 3589.
37, 97
List the prime factors of 64476.
2, 3, 199
List the prime factors of 13045.
5, 2609
List the prime factors of 100166.
2, 11, 29, 157
List th